{"id":2,"date":"2016-05-10T03:48:21","date_gmt":"2016-05-10T03:48:21","guid":{"rendered":"http:\/\/fewo-stephan.info\/?page_id=2"},"modified":"2025-07-07T11:54:02","modified_gmt":"2025-07-07T11:54:02","slug":"fewo","status":"publish","type":"page","link":"https:\/\/fewo-th\u00fcringen.de\/","title":{"rendered":"Ferienwohnungen Chris Stephan &#8211; Willkommen"},"content":{"rendered":"\n<div class=\"alignnormal\"><div id=\"metaslider-id-215\" style=\"width: 100%;\" class=\"ml-slider-3-20-3 metaslider metaslider-flex metaslider-215 ml-slider\">\n    <div id=\"metaslider_container_215\">\n        <div id=\"metaslider_215\">\n            <ul aria-live=\"polite\" class=\"slides\">\n                <li style=\"display: block; width: 100%;\" class=\"slide-277 ms-image\"><img src=\"https:\/\/fewo-th\u00fcringen.de\/wp-content\/uploads\/2020\/03\/33-scaled-700x300.jpg\" height=\"300\" width=\"700\" alt=\"\" class=\"slider-215 slide-277\" title=\"33\" \/><\/li>\n                <li style=\"display: none; width: 100%;\" class=\"slide-267 ms-image\"><img src=\"https:\/\/fewo-th\u00fcringen.de\/wp-content\/uploads\/2020\/03\/34-700x300.jpg\" height=\"300\" width=\"700\" alt=\"\" class=\"slider-215 slide-267\" title=\"34\" \/><\/li>\n                <li style=\"display: none; width: 100%;\" class=\"slide-266 ms-image\"><img src=\"https:\/\/fewo-th\u00fcringen.de\/wp-content\/uploads\/2020\/03\/51-700x300.jpg\" height=\"300\" width=\"700\" alt=\"\" class=\"slider-215 slide-266\" title=\"51\" \/><\/li>\n                <li style=\"display: none; width: 100%;\" class=\"slide-272 ms-image\"><img src=\"https:\/\/fewo-th\u00fcringen.de\/wp-content\/uploads\/2020\/03\/40-572x245.jpg\" height=\"300\" width=\"700\" alt=\"\" class=\"slider-215 slide-272\" title=\"40\" \/><\/li>\n                <li style=\"display: none; width: 100%;\" class=\"slide-269 ms-image\"><img src=\"https:\/\/fewo-th\u00fcringen.de\/wp-content\/uploads\/2020\/03\/36-700x300.jpg\" height=\"300\" width=\"700\" alt=\"\" class=\"slider-215 slide-269\" title=\"36\" \/><\/li>\n                <li style=\"display: none; width: 100%;\" class=\"slide-270 ms-image\"><img src=\"https:\/\/fewo-th\u00fcringen.de\/wp-content\/uploads\/2020\/03\/37-1-500x214.jpg\" height=\"300\" width=\"700\" alt=\"\" class=\"slider-215 slide-270\" title=\"37\" \/><\/li>\n                <li style=\"display: none; width: 100%;\" class=\"slide-237 ms-image\"><img src=\"https:\/\/fewo-th\u00fcringen.de\/wp-content\/uploads\/2020\/03\/DSC_0445-700x300.jpg\" height=\"300\" width=\"700\" alt=\"\" class=\"slider-215 slide-237\" title=\"DSC_0445\" \/><\/li>\n                <li style=\"display: none; width: 100%;\" class=\"slide-273 ms-image\"><img src=\"https:\/\/fewo-th\u00fcringen.de\/wp-content\/uploads\/2020\/03\/41-1-700x300.jpg\" height=\"300\" width=\"700\" alt=\"\" class=\"slider-215 slide-273\" title=\"41-1\" \/><\/li>\n                <li style=\"display: none; width: 100%;\" class=\"slide-274 ms-image\"><img src=\"https:\/\/fewo-th\u00fcringen.de\/wp-content\/uploads\/2020\/03\/41-3-640x274.jpg\" height=\"300\" width=\"700\" alt=\"\" class=\"slider-215 slide-274\" title=\"41-3\" \/><\/li>\n                <li style=\"display: none; width: 100%;\" class=\"slide-275 ms-image\"><img src=\"https:\/\/fewo-th\u00fcringen.de\/wp-content\/uploads\/2020\/03\/48-700x300.jpg\" height=\"300\" width=\"700\" alt=\"\" class=\"slider-215 slide-275\" title=\"48\" \/><\/li>\n                <li style=\"display: none; width: 100%;\" class=\"slide-276 ms-image\"><img src=\"https:\/\/fewo-th\u00fcringen.de\/wp-content\/uploads\/2020\/03\/50-1-scaled-700x300.jpg\" height=\"300\" width=\"700\" alt=\"\" class=\"slider-215 slide-276\" title=\"50\" \/><\/li>\n                <li style=\"display: none; width: 100%;\" class=\"slide-278 ms-image\"><img src=\"https:\/\/fewo-th\u00fcringen.de\/wp-content\/uploads\/2020\/03\/60-700x300.jpg\" height=\"300\" width=\"700\" alt=\"\" class=\"slider-215 slide-278\" title=\"60\" \/><\/li>\n                <li style=\"display: none; width: 100%;\" class=\"slide-284 ms-image\"><img src=\"https:\/\/fewo-th\u00fcringen.de\/wp-content\/uploads\/2020\/03\/31-1-scaled-700x300.jpg\" height=\"300\" width=\"700\" alt=\"\" class=\"slider-215 slide-284\" title=\"31\" \/><\/li>\n                <li style=\"display: none; width: 100%;\" class=\"slide-286 ms-image\"><img src=\"https:\/\/fewo-th\u00fcringen.de\/wp-content\/uploads\/2020\/03\/35-1-700x300.jpg\" height=\"300\" width=\"700\" alt=\"\" class=\"slider-215 slide-286\" title=\"35\" \/><\/li>\n                <li style=\"display: none; width: 100%;\" class=\"slide-279 ms-image\"><img src=\"https:\/\/fewo-th\u00fcringen.de\/wp-content\/uploads\/2020\/03\/63-700x300.jpg\" height=\"300\" width=\"700\" alt=\"\" class=\"slider-215 slide-279\" title=\"63\" \/><\/li>\n                <li style=\"display: none; width: 100%;\" class=\"slide-288 ms-image\"><img src=\"https:\/\/fewo-th\u00fcringen.de\/wp-content\/uploads\/2020\/03\/39-1-700x300.jpg\" height=\"300\" width=\"700\" alt=\"\" class=\"slider-215 slide-288\" title=\"39-1\" \/><\/li>\n                <li style=\"display: none; width: 100%;\" class=\"slide-282 ms-image\"><img src=\"https:\/\/fewo-th\u00fcringen.de\/wp-content\/uploads\/2020\/03\/DSC_0445-1-700x300.jpg\" height=\"300\" width=\"700\" alt=\"\" class=\"slider-215 slide-282\" title=\"DSC_0445\" \/><\/li>\n                <li style=\"display: none; width: 100%;\" class=\"slide-280 ms-image\"><img src=\"https:\/\/fewo-th\u00fcringen.de\/wp-content\/uploads\/2020\/03\/70-1-700x300.jpg\" height=\"300\" width=\"700\" alt=\"\" class=\"slider-215 slide-280\" title=\"70-1\" \/><\/li>\n            <\/ul>\n        <\/div>\n        \n    <\/div>\n<\/div><\/div>\n\n\n<p>Herzlich willkommen auf den Internetseiten der Ferienwohnungen Chris Stephan in Oberwei\u00dfbach, einem Ortsteil der Stadt Schwarzatal.<\/p>\n<p>Die Fr\u00f6belstadt Oberwei\u00dfbach liegt mitten im Th\u00fcringer Kr\u00e4utergarten zwischen dem wildromantischen Schwarzatal und dem Rennsteig. Die Gegend bietet ideale Voraussetzungen f\u00fcr einen erholsamen Wander- oder Familienurlaub. Die Ferienwohnungen befinden sich in ruhiger Lage, in der N\u00e4he des Stadtzentrums. Von hier aus lassen sich herrliche Wanderungen und Ausfl\u00fcge in die Umgebung unternehmen. Im Winter l\u00e4dt die Gegend zu Skitouren (Langlauf und Abfahrt) und Skiwanderungen ein.<\/p>\n<p>Wir haben versucht auf unseren Internetseiten alle wichtigen Informationen f\u00fcr Sie zusammenzustellen. Sollten Sie noch Fragen haben, k\u00f6nnen Sie sich gern mit uns per E-Mail an <a href=\"mailto:likoerfabrik-trapp@t-online.de\">fewo@likoerfabrik-trapp.de<\/a> oder auch telefonisch 036705\/20630 in Verbindung setzen.<\/p>\n<p>Wir w\u00fcrden uns freuen, wenn wir auch Sie bald als G\u00e4ste begr\u00fc\u00dfen k\u00f6nnen.<\/p>\n<p>Wir sind &#8222;All-Inclusive Gastgeber&#8220;. In Ihrem Buchungspreis sind bereits die Eintrittspreise und Kosten f\u00fcr viele gro\u00dfartige Ausflugsziele und Sehensw\u00fcrdigkeiten enthalten (nicht f\u00fcr gewerbliche Aufenthalte)!<\/p>\n<p>F\u00fcr alle G\u00e4ste mit E-Auto bieten wir ab sofort eine praktische Wallbox-Ladestation direkt vor Ort &#8211; so k\u00f6nnen sie ihr Elektrofahrzeug bequem und schnell laden, w\u00e4hrend sie entspannen.&nbsp;<\/p>\n\n\n<figure class=\"wp-block-image size-large is-resized\"><img loading=\"lazy\" src=\"https:\/\/fewo-th\u00fcringen.de\/wp-content\/uploads\/2024\/04\/AI-Gastgeber-Oberweissbach2-1-1024x640.png\" alt=\"\" class=\"wp-image-825\" width=\"616\" height=\"385\" srcset=\"https:\/\/fewo-th\u00fcringen.de\/wp-content\/uploads\/2024\/04\/AI-Gastgeber-Oberweissbach2-1-1024x640.png 1024w, https:\/\/fewo-th\u00fcringen.de\/wp-content\/uploads\/2024\/04\/AI-Gastgeber-Oberweissbach2-1-300x187.png 300w, https:\/\/fewo-th\u00fcringen.de\/wp-content\/uploads\/2024\/04\/AI-Gastgeber-Oberweissbach2-1-768x480.png 768w, https:\/\/fewo-th\u00fcringen.de\/wp-content\/uploads\/2024\/04\/AI-Gastgeber-Oberweissbach2-1-1536x960.png 1536w, https:\/\/fewo-th\u00fcringen.de\/wp-content\/uploads\/2024\/04\/AI-Gastgeber-Oberweissbach2-1.png 1890w\" sizes=\"(max-width: 616px) 100vw, 616px\" \/><\/figure>\n\n\n\n<div class=\"wp-container-1 is-content-justification-center wp-block-buttons\">\n<div class=\"wp-block-button has-custom-font-size is-style-fill has-small-font-size\"><a class=\"wp-block-button__link has-white-color has-vivid-cyan-blue-background-color has-text-color has-background\" href=\"https:\/\/fewo-th\u00fcringen.de\/?page_id=142\"><strong>Fewo 35 m\u00b2 <\/strong><\/a><\/div>\n\n\n\n<div class=\"wp-block-button has-custom-font-size has-small-font-size\"><a class=\"wp-block-button__link has-white-color has-vivid-cyan-blue-background-color has-text-color has-background\" href=\"https:\/\/fewo-th\u00fcringen.de\/?page_id=149\"><strong>Fewo 75 m\u00b2<\/strong><\/a><\/div>\n\n\n\n<div class=\"wp-block-button has-custom-font-size has-small-font-size\"><a class=\"wp-block-button__link has-white-color has-vivid-cyan-blue-background-color has-text-color has-background\" href=\"https:\/\/fewo-th\u00fcringen.de\/?page_id=53\"><strong>AI-G\u00e4stekarte<\/strong><\/a><\/div>\n\n\n\n<div class=\"wp-block-button has-custom-font-size has-small-font-size\"><a class=\"wp-block-button__link has-white-color has-vivid-cyan-blue-background-color has-text-color has-background\" href=\"https:\/\/fewo-th\u00fcringen.de\/?page_id=55\"><strong>Sehenswertes<\/strong><\/a><\/div>\n\n\n\n<div class=\"wp-block-button has-custom-font-size has-small-font-size\"><a class=\"wp-block-button__link has-white-color has-vivid-cyan-blue-background-color has-text-color has-background\" href=\"https:\/\/fewo-th\u00fcringen.de\/?page_id=184\"><strong>Fotogalerie<\/strong><\/a><\/div>\n\n\n\n<div class=\"wp-block-button has-custom-font-size has-small-font-size\"><a class=\"wp-block-button__link has-white-color has-vivid-cyan-blue-background-color has-text-color has-background\" href=\"https:\/\/fewo-th\u00fcringen.de\/?page_id=563\"><strong>Bewertungen<\/strong><\/a><\/div>\n<\/div>\n","protected":false},"excerpt":{"rendered":"<p>Herzlich willkommen auf den Internetseiten der Ferienwohnungen Chris Stephan in Oberwei\u00dfbach, einem Ortsteil der Stadt Schwarzatal. Die Fr\u00f6belstadt Oberwei\u00dfbach liegt mitten im Th\u00fcringer Kr\u00e4utergarten zwischen dem wildromantischen Schwarzatal und dem Rennsteig. Die Gegend bietet ideale Voraussetzungen f\u00fcr einen erholsamen Wander- oder Familienurlaub. Die Ferienwohnungen befinden sich in ruhiger Lage, in der N\u00e4he des Stadtzentrums. Von [&hellip;]<\/p>\n","protected":false},"author":1,"featured_media":0,"parent":0,"menu_order":0,"comment_status":"closed","ping_status":"closed","template":"templates\/page-full-width.php","meta":{"ngg_post_thumbnail":0},"_links":{"self":[{"href":"https:\/\/fewo-th\u00fcringen.de\/index.php?rest_route=\/wp\/v2\/pages\/2"}],"collection":[{"href":"https:\/\/fewo-th\u00fcringen.de\/index.php?rest_route=\/wp\/v2\/pages"}],"about":[{"href":"https:\/\/fewo-th\u00fcringen.de\/index.php?rest_route=\/wp\/v2\/types\/page"}],"author":[{"embeddable":true,"href":"https:\/\/fewo-th\u00fcringen.de\/index.php?rest_route=\/wp\/v2\/users\/1"}],"replies":[{"embeddable":true,"href":"https:\/\/fewo-th\u00fcringen.de\/index.php?rest_route=%2Fwp%2Fv2%2Fcomments&post=2"}],"version-history":[{"count":27,"href":"https:\/\/fewo-th\u00fcringen.de\/index.php?rest_route=\/wp\/v2\/pages\/2\/revisions"}],"predecessor-version":[{"id":889,"href":"https:\/\/fewo-th\u00fcringen.de\/index.php?rest_route=\/wp\/v2\/pages\/2\/revisions\/889"}],"wp:attachment":[{"href":"https:\/\/fewo-th\u00fcringen.de\/index.php?rest_route=%2Fwp%2Fv2%2Fmedia&parent=2"}],"curies":[{"name":"wp","href":"https:\/\/api.w.org\/{rel}","templated":true}]}}

https://fewo-thüringen.de/

<div class="alignnormal"><div id="metaslider-id-215" style="width: 100%;" class="ml-slider-3-20-3 metaslider metaslider-flex metaslider-215 ml-slider">
    <div id="metaslider_container_215">
        <div id="metaslider_215">
            <ul aria-live="polite" class="slides">
                <li style="display: block; width: 100%;" class="slide-277 ms-image"><img src="https://fewo-thüringen.de/wp-content/uploads/2020/03/33-scaled-700x300.jpg" height="300" width="700" alt="" class="slider-215 slide-277" title="33" /></li>
                <li style="display: none; width: 100%;" class="slide-267 ms-image"><img src="https://fewo-thüringen.de/wp-content/uploads/2020/03/34-700x300.jpg" height="300" width="700" alt="" class="slider-215 slide-267" title="34" /></li>
                <li style="display: none; width: 100%;" class="slide-266 ms-image"><img src="https://fewo-thüringen.de/wp-content/uploads/2020/03/51-700x300.jpg" height="300" width="700" alt="" class="slider-215 slide-266" title="51" /></li>
                <li style="display: none; width: 100%;" class="slide-272 ms-image"><img src="https://fewo-thüringen.de/wp-content/uploads/2020/03/40-572x245.jpg" height="300" width="700" alt="" class="slider-215 slide-272" title="40" /></li>
                <li style="display: none; width: 100%;" class="slide-269 ms-image"><img src="https://fewo-thüringen.de/wp-content/uploads/2020/03/36-700x300.jpg" height="300" width="700" alt="" class="slider-215 slide-269" title="36" /></li>
                <li style="display: none; width: 100%;" class="slide-270 ms-image"><img src="https://fewo-thüringen.de/wp-content/uploads/2020/03/37-1-500x214.jpg" height="300" width="700" alt="" class="slider-215 slide-270" title="37" /></li>
                <li style="display: none; width: 100%;" class="slide-237 ms-image"><img src="https://fewo-thüringen.de/wp-content/uploads/2020/03/DSC_0445-700x300.jpg" height="300" width="700" alt="" class="slider-215 slide-237" title="DSC_0445" /></li>
                <li style="display: none; width: 100%;" class="slide-273 ms-image"><img src="https://fewo-thüringen.de/wp-content/uploads/2020/03/41-1-700x300.jpg" height="300" width="700" alt="" class="slider-215 slide-273" title="41-1" /></li>
                <li style="display: none; width: 100%;" class="slide-274 ms-image"><img src="https://fewo-thüringen.de/wp-content/uploads/2020/03/41-3-640x274.jpg" height="300" width="700" alt="" class="slider-215 slide-274" title="41-3" /></li>
                <li style="display: none; width: 100%;" class="slide-275 ms-image"><img src="https://fewo-thüringen.de/wp-content/uploads/2020/03/48-700x300.jpg" height="300" width="700" alt="" class="slider-215 slide-275" title="48" /></li>
                <li style="display: none; width: 100%;" class="slide-276 ms-image"><img src="https://fewo-thüringen.de/wp-content/uploads/2020/03/50-1-scaled-700x300.jpg" height="300" width="700" alt="" class="slider-215 slide-276" title="50" /></li>
                <li style="display: none; width: 100%;" class="slide-278 ms-image"><img src="https://fewo-thüringen.de/wp-content/uploads/2020/03/60-700x300.jpg" height="300" width="700" alt="" class="slider-215 slide-278" title="60" /></li>
                <li style="display: none; width: 100%;" class="slide-284 ms-image"><img src="https://fewo-thüringen.de/wp-content/uploads/2020/03/31-1-scaled-700x300.jpg" height="300" width="700" alt="" class="slider-215 slide-284" title="31" /></li>
                <li style="display: none; width: 100%;" class="slide-286 ms-image"><img src="https://fewo-thüringen.de/wp-content/uploads/2020/03/35-1-700x300.jpg" height="300" width="700" alt="" class="slider-215 slide-286" title="35" /></li>
                <li style="display: none; width: 100%;" class="slide-279 ms-image"><img src="https://fewo-thüringen.de/wp-content/uploads/2020/03/63-700x300.jpg" height="300" width="700" alt="" class="slider-215 slide-279" title="63" /></li>
                <li style="display: none; width: 100%;" class="slide-288 ms-image"><img src="https://fewo-thüringen.de/wp-content/uploads/2020/03/39-1-700x300.jpg" height="300" width="700" alt="" class="slider-215 slide-288" title="39-1" /></li>
                <li style="display: none; width: 100%;" class="slide-282 ms-image"><img src="https://fewo-thüringen.de/wp-content/uploads/2020/03/DSC_0445-1-700x300.jpg" height="300" width="700" alt="" class="slider-215 slide-282" title="DSC_0445" /></li>
                <li style="display: none; width: 100%;" class="slide-280 ms-image"><img src="https://fewo-thüringen.de/wp-content/uploads/2020/03/70-1-700x300.jpg" height="300" width="700" alt="" class="slider-215 slide-280" title="70-1" /></li>
            </ul>
        </div>
        
    </div>
</div></div>


<p>Herzlich willkommen auf den Internetseiten der Ferienwohnungen Chris Stephan in Oberweißbach, einem Ortsteil der Stadt Schwarzatal.</p>
<p>Die Fröbelstadt Oberweißbach liegt mitten im Thüringer Kräutergarten zwischen dem wildromantischen Schwarzatal und dem Rennsteig. Die Gegend bietet ideale Voraussetzungen für einen erholsamen Wander- oder Familienurlaub. Die Ferienwohnungen befinden sich in ruhiger Lage, in der Nähe des Stadtzentrums. Von hier aus lassen sich herrliche Wanderungen und Ausflüge in die Umgebung unternehmen. Im Winter lädt die Gegend zu Skitouren (Langlauf und Abfahrt) und Skiwanderungen ein.</p>
<p>Wir haben versucht auf unseren Internetseiten alle wichtigen Informationen für Sie zusammenzustellen. Sollten Sie noch Fragen haben, können Sie sich gern mit uns per E-Mail an <a href="mailto:likoerfabrik-trapp@t-online.de">fewo@likoerfabrik-trapp.de</a> oder auch telefonisch 036705/20630 in Verbindung setzen.</p>
<p>Wir würden uns freuen, wenn wir auch Sie bald als Gäste begrüßen können.</p>
<p>Wir sind &#8222;All-Inclusive Gastgeber&#8220;. In Ihrem Buchungspreis sind bereits die Eintrittspreise und Kosten für viele großartige Ausflugsziele und Sehenswürdigkeiten enthalten (nicht für gewerbliche Aufenthalte)!</p>
<p>Für alle Gäste mit E-Auto bieten wir ab sofort eine praktische Wallbox-Ladestation direkt vor Ort &#8211; so können sie ihr Elektrofahrzeug bequem und schnell laden, während sie entspannen.&nbsp;</p>


<figure class="wp-block-image size-large is-resized"><img loading="lazy" src="https://fewo-thüringen.de/wp-content/uploads/2024/04/AI-Gastgeber-Oberweissbach2-1-1024x640.png" alt="" class="wp-image-825" width="616" height="385" srcset="https://fewo-thüringen.de/wp-content/uploads/2024/04/AI-Gastgeber-Oberweissbach2-1-1024x640.png 1024w, https://fewo-thüringen.de/wp-content/uploads/2024/04/AI-Gastgeber-Oberweissbach2-1-300x187.png 300w, https://fewo-thüringen.de/wp-content/uploads/2024/04/AI-Gastgeber-Oberweissbach2-1-768x480.png 768w, https://fewo-thüringen.de/wp-content/uploads/2024/04/AI-Gastgeber-Oberweissbach2-1-1536x960.png 1536w, https://fewo-thüringen.de/wp-content/uploads/2024/04/AI-Gastgeber-Oberweissbach2-1.png 1890w" sizes="(max-width: 616px) 100vw, 616px" /></figure>



<div class="wp-container-1 is-content-justification-center wp-block-buttons">
<div class="wp-block-button has-custom-font-size is-style-fill has-small-font-size"><a class="wp-block-button__link has-white-color has-vivid-cyan-blue-background-color has-text-color has-background" href="https://fewo-thüringen.de/?page_id=142"><strong>Fewo 35 m² </strong></a></div>



<div class="wp-block-button has-custom-font-size has-small-font-size"><a class="wp-block-button__link has-white-color has-vivid-cyan-blue-background-color has-text-color has-background" href="https://fewo-thüringen.de/?page_id=149"><strong>Fewo 75 m²</strong></a></div>



<div class="wp-block-button has-custom-font-size has-small-font-size"><a class="wp-block-button__link has-white-color has-vivid-cyan-blue-background-color has-text-color has-background" href="https://fewo-thüringen.de/?page_id=53"><strong>AI-Gästekarte</strong></a></div>



<div class="wp-block-button has-custom-font-size has-small-font-size"><a class="wp-block-button__link has-white-color has-vivid-cyan-blue-background-color has-text-color has-background" href="https://fewo-thüringen.de/?page_id=55"><strong>Sehenswertes</strong></a></div>



<div class="wp-block-button has-custom-font-size has-small-font-size"><a class="wp-block-button__link has-white-color has-vivid-cyan-blue-background-color has-text-color has-background" href="https://fewo-thüringen.de/?page_id=184"><strong>Fotogalerie</strong></a></div>



<div class="wp-block-button has-custom-font-size has-small-font-size"><a class="wp-block-button__link has-white-color has-vivid-cyan-blue-background-color has-text-color has-background" href="https://fewo-thüringen.de/?page_id=563"><strong>Bewertungen</strong></a></div>
</div>

<p>Herzlich willkommen auf den Internetseiten der Ferienwohnungen Chris Stephan in Oberweißbach, einem Ortsteil der Stadt Schwarzatal. Die Fröbelstadt Oberweißbach liegt mitten im Thüringer Kräutergarten zwischen dem wildromantischen Schwarzatal und dem Rennsteig. Die Gegend bietet ideale Voraussetzungen für einen erholsamen Wander- oder Familienurlaub. Die Ferienwohnungen befinden sich in ruhiger Lage, in der Nähe des Stadtzentrums. Von [&hellip;]</p>

https://fewo-thüringen.de/index.php?rest_route=/wp/v2/pages/2

https://fewo-thüringen.de/index.php?rest_route=/wp/v2/pages

https://fewo-thüringen.de/index.php?rest_route=/wp/v2/types/page

https://fewo-thüringen.de/index.php?rest_route=/wp/v2/users/1

https://fewo-thüringen.de/index.php?rest_route=%2Fwp%2Fv2%2Fcomments&post=2

https://fewo-thüringen.de/index.php?rest_route=/wp/v2/pages/2/revisions

https://fewo-thüringen.de/index.php?rest_route=/wp/v2/pages/2/revisions/889

https://fewo-thüringen.de/index.php?rest_route=%2Fwp%2Fv2%2Fmedia&parent=2
